{"id":239,"date":"2023-11-07T22:01:21","date_gmt":"2023-11-07T22:01:21","guid":{"rendered":"https:\/\/www.kinderkrippezaubergarten.ch\/?page_id=239"},"modified":"2025-07-15T15:23:03","modified_gmt":"2025-07-15T15:23:03","slug":"team","status":"publish","type":"page","link":"https:\/\/www.kinderkrippezaubergarten.ch\/?page_id=239","title":{"rendered":"Team"},"content":{"rendered":"\t\t<div data-elementor-type=\"wp-page\" data-elementor-id=\"239\" class=\"elementor elementor-239\" data-elementor-post-type=\"page\">\n\t\t\t\t<div class=\"elementor-element elementor-element-cca2252 e-flex e-con-boxed e-con e-parent\" data-id=\"cca2252\" data-element_type=\"container\">\n\t\t\t\t\t<div class=\"e-con-inner\">\n\t\t\t\t<div class=\"elementor-element elementor-element-e6f067c elementor-invisible elementor-widget elementor-widget-text-editor\" data-id=\"e6f067c\" data-element_type=\"widget\" data-settings=\"{&quot;_animation&quot;:&quot;fadeIn&quot;}\" data-widget_type=\"text-editor.default\">\n\t\t\t\t<div class=\"elementor-widget-container\">\n\t\t\t\t\t\t\t\t\t<p>Unser Team besteht zum einen aus der Kita-Leitungen Edisa und Luana, Gesch\u00e4ftsf\u00fchrer Giusi, den drei Gruppenleiterinnen Lisa (Team Wichtel), Drilona (Team Zwerge) und Sarah (Team Zauberer), unseren f\u00fcnf Auszubildenden Iris, Silas, Sara, Kinsc\u00f6 und Sophie, wie auch unseren Praktikantinnen Ledjona und Anesa<\/p>\t\t\t\t\t\t\t\t<\/div>\n\t\t\t\t<\/div>\n\t\t\t\t\t<\/div>\n\t\t\t\t<\/div>\n\t\t<div class=\"elementor-element elementor-element-f70b881 e-flex e-con-boxed e-con e-parent\" data-id=\"f70b881\" data-element_type=\"container\">\n\t\t\t\t\t<div class=\"e-con-inner\">\n\t\t\t\t<div class=\"elementor-element elementor-element-2c4a23a elementor-invisible elementor-widget elementor-widget-heading\" data-id=\"2c4a23a\" data-element_type=\"widget\" data-settings=\"{&quot;_animation&quot;:&quot;fadeIn&quot;}\" data-widget_type=\"heading.default\">\n\t\t\t\t<div class=\"elementor-widget-container\">\n\t\t\t\t\t<h2 class=\"elementor-heading-title elementor-size-default\">Unsere Kita-Leitung<\/h2>\t\t\t\t<\/div>\n\t\t\t\t<\/div>\n\t\t\t\t\t<\/div>\n\t\t\t\t<\/div>\n\t\t<div class=\"elementor-element elementor-element-43d5a3a e-flex e-con-boxed e-con e-parent\" data-id=\"43d5a3a\" data-element_type=\"container\">\n\t\t\t\t\t<div class=\"e-con-inner\">\n\t\t<div class=\"elementor-element elementor-element-c3d0cd0 e-con-full e-flex e-con e-child\" data-id=\"c3d0cd0\" data-element_type=\"container\">\n\t\t\t\t<div class=\"elementor-element elementor-element-33b067a elementor-invisible elementor-widget elementor-widget-image\" data-id=\"33b067a\" data-element_type=\"widget\" data-settings=\"{&quot;_animation&quot;:&quot;fadeIn&quot;}\" data-widget_type=\"image.default\">\n\t\t\t\t<div class=\"elementor-widget-container\">\n\t\t\t\t\t\t\t\t\t\t\t\t\t\t\t<img fetchpriority=\"high\" decoding=\"async\" width=\"558\" height=\"558\" src=\"https:\/\/www.kinderkrippezaubergarten.ch\/wp-content\/uploads\/2023\/11\/1faf8757-13df-4704-88fd-aef613bcd8e1.jpg\" class=\"attachment-large size-large wp-image-768\" alt=\"\" srcset=\"https:\/\/www.kinderkrippezaubergarten.ch\/wp-content\/uploads\/2023\/11\/1faf8757-13df-4704-88fd-aef613bcd8e1.jpg 558w, https:\/\/www.kinderkrippezaubergarten.ch\/wp-content\/uploads\/2023\/11\/1faf8757-13df-4704-88fd-aef613bcd8e1-300x300.jpg 300w, https:\/\/www.kinderkrippezaubergarten.ch\/wp-content\/uploads\/2023\/11\/1faf8757-13df-4704-88fd-aef613bcd8e1-150x150.jpg 150w, https:\/\/www.kinderkrippezaubergarten.ch\/wp-content\/uploads\/2023\/11\/1faf8757-13df-4704-88fd-aef613bcd8e1-500x500.jpg 500w, https:\/\/www.kinderkrippezaubergarten.ch\/wp-content\/uploads\/2023\/11\/1faf8757-13df-4704-88fd-aef613bcd8e1-250x250.jpg 250w\" sizes=\"(max-width: 558px) 100vw, 558px\" \/>\t\t\t\t\t\t\t\t\t\t\t\t\t\t\t<\/div>\n\t\t\t\t<\/div>\n\t\t\t\t<\/div>\n\t\t<div class=\"elementor-element elementor-element-21a0834 e-con-full e-flex e-con e-child\" data-id=\"21a0834\" data-element_type=\"container\">\n\t\t\t\t<div class=\"elementor-element elementor-element-5f1824a elementor-widget elementor-widget-image\" data-id=\"5f1824a\" data-element_type=\"widget\" data-widget_type=\"image.default\">\n\t\t\t\t<div class=\"elementor-widget-container\">\n\t\t\t\t\t\t\t\t\t\t\t\t\t\t\t<img decoding=\"async\" width=\"500\" height=\"500\" src=\"https:\/\/www.kinderkrippezaubergarten.ch\/wp-content\/uploads\/2025\/02\/thumbnail_image1-500x500.jpg\" class=\"attachment-kiducation-gallery size-kiducation-gallery wp-image-978\" alt=\"\" srcset=\"https:\/\/www.kinderkrippezaubergarten.ch\/wp-content\/uploads\/2025\/02\/thumbnail_image1-500x500.jpg 500w, https:\/\/www.kinderkrippezaubergarten.ch\/wp-content\/uploads\/2025\/02\/thumbnail_image1-150x150.jpg 150w, https:\/\/www.kinderkrippezaubergarten.ch\/wp-content\/uploads\/2025\/02\/thumbnail_image1-250x250.jpg 250w\" sizes=\"(max-width: 500px) 100vw, 500px\" \/>\t\t\t\t\t\t\t\t\t\t\t\t\t\t\t<\/div>\n\t\t\t\t<\/div>\n\t\t\t\t<\/div>\n\t\t\t\t\t<\/div>\n\t\t\t\t<\/div>\n\t\t<div class=\"elementor-element elementor-element-5226af1 e-flex e-con-boxed e-con e-parent\" data-id=\"5226af1\" data-element_type=\"container\">\n\t\t\t\t\t<div class=\"e-con-inner\">\n\t\t<div class=\"elementor-element elementor-element-1726099 e-con-full e-flex e-con e-child\" data-id=\"1726099\" data-element_type=\"container\">\n\t\t\t\t<div class=\"elementor-element elementor-element-1e98e72 elementor-invisible elementor-widget elementor-widget-text-editor\" data-id=\"1e98e72\" data-element_type=\"widget\" data-settings=\"{&quot;_animation&quot;:&quot;fadeIn&quot;}\" data-widget_type=\"text-editor.default\">\n\t\t\t\t<div class=\"elementor-widget-container\">\n\t\t\t\t\t\t\t\t\t<p>Edisa<\/p><p>Leitung Zaubergarten<\/p>\t\t\t\t\t\t\t\t<\/div>\n\t\t\t\t<\/div>\n\t\t\t\t<\/div>\n\t\t<div class=\"elementor-element elementor-element-9d69c5b e-con-full e-flex e-con e-child\" data-id=\"9d69c5b\" data-element_type=\"container\">\n\t\t\t\t<div class=\"elementor-element elementor-element-e6a6253 elementor-invisible elementor-widget elementor-widget-text-editor\" data-id=\"e6a6253\" data-element_type=\"widget\" data-settings=\"{&quot;_animation&quot;:&quot;fadeIn&quot;}\" data-widget_type=\"text-editor.default\">\n\t\t\t\t<div class=\"elementor-widget-container\">\n\t\t\t\t\t\t\t\t\t<p>Luana<\/p><p>Leitung Zauberhaus<\/p>\t\t\t\t\t\t\t\t<\/div>\n\t\t\t\t<\/div>\n\t\t\t\t<\/div>\n\t\t\t\t\t<\/div>\n\t\t\t\t<\/div>\n\t\t<div class=\"elementor-element elementor-element-dbea4af e-flex e-con-boxed e-con e-parent\" data-id=\"dbea4af\" data-element_type=\"container\">\n\t\t\t\t\t<div class=\"e-con-inner\">\n\t\t<div class=\"elementor-element elementor-element-713e177 e-con-full e-flex e-con e-child\" data-id=\"713e177\" data-element_type=\"container\">\n\t\t\t\t<div class=\"elementor-element elementor-element-35fd5bd elementor-invisible elementor-widget elementor-widget-image\" data-id=\"35fd5bd\" data-element_type=\"widget\" data-settings=\"{&quot;_animation&quot;:&quot;fadeIn&quot;}\" data-widget_type=\"image.default\">\n\t\t\t\t<div class=\"elementor-widget-container\">\n\t\t\t\t\t\t\t\t\t\t\t\t\t\t\t<img decoding=\"async\" width=\"500\" height=\"500\" src=\"https:\/\/www.kinderkrippezaubergarten.ch\/wp-content\/uploads\/2023\/11\/Guisi.png\" class=\"attachment-large size-large wp-image-799\" alt=\"\" srcset=\"https:\/\/www.kinderkrippezaubergarten.ch\/wp-content\/uploads\/2023\/11\/Guisi.png 500w, https:\/\/www.kinderkrippezaubergarten.ch\/wp-content\/uploads\/2023\/11\/Guisi-300x300.png 300w, https:\/\/www.kinderkrippezaubergarten.ch\/wp-content\/uploads\/2023\/11\/Guisi-150x150.png 150w, https:\/\/www.kinderkrippezaubergarten.ch\/wp-content\/uploads\/2023\/11\/Guisi-250x250.png 250w\" sizes=\"(max-width: 500px) 100vw, 500px\" \/>\t\t\t\t\t\t\t\t\t\t\t\t\t\t\t<\/div>\n\t\t\t\t<\/div>\n\t\t\t\t<\/div>\n\t\t<div class=\"elementor-element elementor-element-aa42e00 e-con-full e-flex e-con e-child\" data-id=\"aa42e00\" data-element_type=\"container\">\n\t\t\t\t<\/div>\n\t\t\t\t\t<\/div>\n\t\t\t\t<\/div>\n\t\t<div class=\"elementor-element elementor-element-a3304e6 e-flex e-con-boxed e-con e-parent\" data-id=\"a3304e6\" data-element_type=\"container\">\n\t\t\t\t\t<div class=\"e-con-inner\">\n\t\t<div class=\"elementor-element elementor-element-911facd e-con-full e-flex e-con e-child\" data-id=\"911facd\" data-element_type=\"container\">\n\t\t\t\t<div class=\"elementor-element elementor-element-0a631dd elementor-invisible elementor-widget elementor-widget-text-editor\" data-id=\"0a631dd\" data-element_type=\"widget\" data-settings=\"{&quot;_animation&quot;:&quot;fadeIn&quot;}\" data-widget_type=\"text-editor.default\">\n\t\t\t\t<div class=\"elementor-widget-container\">\n\t\t\t\t\t\t\t\t\t<p>Giuseppe Di Pietro<\/p><p>Gesch\u00e4ftsf\u00fchrer\/Buchhaltung\/<\/p><p>Personalwesen\/Unterhalt &amp; s\u00e4mtliche Reperaturen<\/p>\t\t\t\t\t\t\t\t<\/div>\n\t\t\t\t<\/div>\n\t\t\t\t<\/div>\n\t\t<div class=\"elementor-element elementor-element-73437a8 e-con-full e-flex e-con e-child\" data-id=\"73437a8\" data-element_type=\"container\">\n\t\t\t\t<\/div>\n\t\t\t\t\t<\/div>\n\t\t\t\t<\/div>\n\t\t\t\t<\/div>\n\t\t","protected":false},"excerpt":{"rendered":"<p>Unser Team besteht zum einen aus der Kita-Leitungen Edisa und Luana, Gesch\u00e4ftsf\u00fchrer Giusi, den drei Gruppenleiterinnen Lisa (Team Wichtel), Drilona (Team Zwerge) und Sarah (Team Zauberer), unseren f\u00fcnf Auszubildenden Iris, Silas, Sara, Kinsc\u00f6 und Sophie, wie auch unseren Praktikantinnen Ledjona [&hellip;]<\/p>\n","protected":false},"author":1,"featured_media":521,"parent":0,"menu_order":0,"comment_status":"closed","ping_status":"closed","template":"","meta":{"footnotes":""},"class_list":["post-239","page","type-page","status-publish","has-post-thumbnail","hentry"],"_links":{"self":[{"href":"https:\/\/www.kinderkrippezaubergarten.ch\/index.php?rest_route=\/wp\/v2\/pages\/239","targetHints":{"allow":["GET"]}}],"collection":[{"href":"https:\/\/www.kinderkrippezaubergarten.ch\/index.php?rest_route=\/wp\/v2\/pages"}],"about":[{"href":"https:\/\/www.kinderkrippezaubergarten.ch\/index.php?rest_route=\/wp\/v2\/types\/page"}],"author":[{"embeddable":true,"href":"https:\/\/www.kinderkrippezaubergarten.ch\/index.php?rest_route=\/wp\/v2\/users\/1"}],"replies":[{"embeddable":true,"href":"https:\/\/www.kinderkrippezaubergarten.ch\/index.php?rest_route=%2Fwp%2Fv2%2Fcomments&post=239"}],"version-history":[{"count":28,"href":"https:\/\/www.kinderkrippezaubergarten.ch\/index.php?rest_route=\/wp\/v2\/pages\/239\/revisions"}],"predecessor-version":[{"id":1011,"href":"https:\/\/www.kinderkrippezaubergarten.ch\/index.php?rest_route=\/wp\/v2\/pages\/239\/revisions\/1011"}],"wp:featuredmedia":[{"embeddable":true,"href":"https:\/\/www.kinderkrippezaubergarten.ch\/index.php?rest_route=\/wp\/v2\/media\/521"}],"wp:attachment":[{"href":"https:\/\/www.kinderkrippezaubergarten.ch\/index.php?rest_route=%2Fwp%2Fv2%2Fmedia&parent=239"}],"curies":[{"name":"wp","href":"https:\/\/api.w.org\/{rel}","templated":true}]}}