{"id":243,"date":"2023-11-07T22:01:21","date_gmt":"2023-11-07T22:01:21","guid":{"rendered":"https:\/\/www.kinderkrippezaubergarten.ch\/?page_id=243"},"modified":"2026-03-18T17:04:40","modified_gmt":"2026-03-18T17:04:40","slug":"jobs","status":"publish","type":"page","link":"https:\/\/www.kinderkrippezaubergarten.ch\/?page_id=243","title":{"rendered":"Jobs"},"content":{"rendered":"\t\t<div data-elementor-type=\"wp-page\" data-elementor-id=\"243\" class=\"elementor elementor-243\" data-elementor-post-type=\"page\">\n\t\t\t\t<div class=\"elementor-element elementor-element-92eb429 e-flex e-con-boxed elementor-invisible e-con e-parent\" data-id=\"92eb429\" data-element_type=\"container\" data-settings=\"{&quot;animation&quot;:&quot;fadeIn&quot;}\">\n\t\t\t\t\t<div class=\"e-con-inner\">\n\t\t\t\t<div class=\"elementor-element elementor-element-0f0c788 elementor-invisible elementor-widget elementor-widget-text-editor\" data-id=\"0f0c788\" data-element_type=\"widget\" data-settings=\"{&quot;_animation&quot;:&quot;fadeIn&quot;}\" data-widget_type=\"text-editor.default\">\n\t\t\t\t<div class=\"elementor-widget-container\">\n\t\t\t\t\t\t\t\t\t<p>Wir suchen auf den 1. August 2026 eine fr\u00f6hliche, herzliche, zuverl\u00e4ssige und<\/p><p>motivierte Praktikantin zur Unterst\u00fctzung unseres Teams.<\/p><p>Das Praktikum ist geeignet als Vorbereitung f\u00fcr die Ausbildung zur Fachfrau<\/p><p>Betreuung Kind oder f\u00fcr eine \u00dcberbr\u00fcckungszeit mit vielen Lernm\u00f6glichkeiten.<\/p><p>Unser Angebot:<\/p><p>Wir bieten Ihnen einen Einblick in die vielf\u00e4ltigen T\u00e4tigkeitsbereiche einer Fachfrau<\/p><p>Betreuung Kind und die M\u00f6glichkeit neue spannende Erfahrungen zu sammeln.<\/p><p>Wir arbeiten mit regelm\u00e4ssigen Anleitungssitzungen und schriftlich formulierten<\/p><p>Zielsetzungen. Sie werden schrittweise in Ihre T\u00e4tigkeiten eingef\u00fchrt und begleitet.<\/p><p>Im Sommer gibt es j\u00e4hrlich einen freien Ausbildungsplatz, welcher jeweils den<\/p><p>internen Praktikantinnen vergeben werden.<\/p><p>Aufgaben als Praktikantin:<\/p><p>&#8211; Die Kinder und ihre Bed\u00fcrfnisse kennenlernen<\/p><p>&#8211; Mithilfe bei der Betreuung von Babys und Kleinkinder<\/p><p>&#8211; Mitgestalten eines abwechslungsreichen Gruppenlebens<\/p><p>&#8211; Mithilfe bei allt\u00e4glichen Arbeiten \/ Haushaltarbeiten<\/p><p>&#8211; Vereinbarte Lernziele erarbeiten<\/p><p>Sie arbeiten gerne in einem lebendigen und professionellen Umfeld und haben<\/p><p>Freude daran Neues zu lernen? Dann freuen wir uns auf Ihre<\/p><p>Bewerbungsunterlagen per Mail. Wir arbeiten stets zusammen und in Absprache an beiden Standorten.<\/p><p>Unsere Mailadressen lauten: info@kinderkrippe-zaubergarten.ch \/ info@kindekrippe-zauberhaus.ch<\/p><p>Bewerbungen welche per Post versandt werden, schicken wir nicht zur\u00fcck.<\/p><p>Kontaktperson:\u00a0 Edisa Kahrimanovic (Kitaleitung Standort Zaubergarten)\u00a0<span style=\"text-align: var(--text-align);\">062 897 28 90<\/span><\/p><p>\u00a0 \u00a0 \u00a0 \u00a0 \u00a0 \u00a0 \u00a0 \u00a0 \u00a0 \u00a0 \u00a0 \u00a0 \u00a0 \u00a0 \u00a0 Luana Neuhaus (Kitaleitung Standort Zauberhaus) 076 593 63 62<\/p>\t\t\t\t\t\t\t\t<\/div>\n\t\t\t\t<\/div>\n\t\t\t\t\t<\/div>\n\t\t\t\t<\/div>\n\t\t\t\t<\/div>\n\t\t","protected":false},"excerpt":{"rendered":"<p>Wir suchen auf den 1. August 2026 eine fr\u00f6hliche, herzliche, zuverl\u00e4ssige und motivierte Praktikantin zur Unterst\u00fctzung unseres Teams. Das Praktikum ist geeignet als Vorbereitung f\u00fcr die Ausbildung zur Fachfrau Betreuung Kind oder f\u00fcr eine \u00dcberbr\u00fcckungszeit mit vielen Lernm\u00f6glichkeiten. Unser Angebot: [&hellip;]<\/p>\n","protected":false},"author":1,"featured_media":562,"parent":0,"menu_order":0,"comment_status":"closed","ping_status":"closed","template":"","meta":{"footnotes":""},"class_list":["post-243","page","type-page","status-publish","has-post-thumbnail","hentry"],"_links":{"self":[{"href":"https:\/\/www.kinderkrippezaubergarten.ch\/index.php?rest_route=\/wp\/v2\/pages\/243","targetHints":{"allow":["GET"]}}],"collection":[{"href":"https:\/\/www.kinderkrippezaubergarten.ch\/index.php?rest_route=\/wp\/v2\/pages"}],"about":[{"href":"https:\/\/www.kinderkrippezaubergarten.ch\/index.php?rest_route=\/wp\/v2\/types\/page"}],"author":[{"embeddable":true,"href":"https:\/\/www.kinderkrippezaubergarten.ch\/index.php?rest_route=\/wp\/v2\/users\/1"}],"replies":[{"embeddable":true,"href":"https:\/\/www.kinderkrippezaubergarten.ch\/index.php?rest_route=%2Fwp%2Fv2%2Fcomments&post=243"}],"version-history":[{"count":22,"href":"https:\/\/www.kinderkrippezaubergarten.ch\/index.php?rest_route=\/wp\/v2\/pages\/243\/revisions"}],"predecessor-version":[{"id":1120,"href":"https:\/\/www.kinderkrippezaubergarten.ch\/index.php?rest_route=\/wp\/v2\/pages\/243\/revisions\/1120"}],"wp:featuredmedia":[{"embeddable":true,"href":"https:\/\/www.kinderkrippezaubergarten.ch\/index.php?rest_route=\/wp\/v2\/media\/562"}],"wp:attachment":[{"href":"https:\/\/www.kinderkrippezaubergarten.ch\/index.php?rest_route=%2Fwp%2Fv2%2Fmedia&parent=243"}],"curies":[{"name":"wp","href":"https:\/\/api.w.org\/{rel}","templated":true}]}}