{"id":569,"date":"2023-11-17T21:52:46","date_gmt":"2023-11-17T21:52:46","guid":{"rendered":"https:\/\/www.kinderkrippezaubergarten.ch\/?page_id=569"},"modified":"2023-11-19T20:38:36","modified_gmt":"2023-11-19T20:38:36","slug":"sozialpaedagogisches-konzept","status":"publish","type":"page","link":"https:\/\/www.kinderkrippezaubergarten.ch\/?page_id=569","title":{"rendered":"Sozialp\u00e4dagogisches Konzept"},"content":{"rendered":"\t\t<div data-elementor-type=\"wp-page\" data-elementor-id=\"569\" class=\"elementor elementor-569\" data-elementor-post-type=\"page\">\n\t\t\t\t<div class=\"elementor-element elementor-element-2b699b6 e-flex e-con-boxed e-con e-parent\" data-id=\"2b699b6\" data-element_type=\"container\">\n\t\t\t\t\t<div class=\"e-con-inner\">\n\t\t\t\t<div class=\"elementor-element elementor-element-988ffcc elementor-invisible elementor-widget elementor-widget-heading\" data-id=\"988ffcc\" data-element_type=\"widget\" data-settings=\"{&quot;_animation&quot;:&quot;fadeIn&quot;}\" data-widget_type=\"heading.default\">\n\t\t\t\t<div class=\"elementor-widget-container\">\n\t\t\t\t\t<h2 class=\"elementor-heading-title elementor-size-default\">Unsere Philosophie<\/h2>\t\t\t\t<\/div>\n\t\t\t\t<\/div>\n\t\t\t\t\t<\/div>\n\t\t\t\t<\/div>\n\t\t<div class=\"elementor-element elementor-element-cfb0ca8 e-con-full e-flex e-con e-parent\" data-id=\"cfb0ca8\" data-element_type=\"container\">\n\t\t\t\t<div class=\"elementor-element elementor-element-f95b172 elementor-invisible elementor-widget elementor-widget-text-editor\" data-id=\"f95b172\" data-element_type=\"widget\" data-settings=\"{&quot;_animation&quot;:&quot;fadeIn&quot;}\" data-widget_type=\"text-editor.default\">\n\t\t\t\t<div class=\"elementor-widget-container\">\n\t\t\t\t\t\t\t\t\t<p>\u00a0<span style=\"text-align: var(--text-align);\">Es geht bei Erziehung und Bildung nicht darum, das Ged\u00e4chtnis wie ein Fass zu f\u00fcllen,<\/span><\/p><p>sondern darum, Lichter anzuz\u00fcnden, die alleine weiterbrennen k\u00f6nnen. (Gerhardt Trommer)<\/p><p><span style=\"text-align: var(--text-align);\">8 Botschaften was ein Kind braucht:<\/span><\/p><p>Das Kind will stark werden und braucht\u2026<\/p><p><span style=\"text-align: var(--text-align);\">\u2026 Kontakt und k\u00f6rperliche N\u00e4he.<\/span><\/p><p><span style=\"text-align: var(--text-align);\">\u2026 Geborgenheit und Verl\u00e4sslichkeit.<\/span><\/p><p><span style=\"text-align: var(--text-align);\">\u2026 Zuwendung und Zwiegespr\u00e4ch.<\/span><\/p><p><span style=\"text-align: var(--text-align);\">\u2026 eine sichere Bindung.<\/span><\/p><p><span style=\"text-align: var(--text-align);\">\u2026 Anerkennung seiner Einzigartigkeit.<\/span><\/p><p><span style=\"text-align: var(--text-align);\">\u2026 Vertrauen in seine F\u00e4higkeiten.<\/span><\/p><p><span style=\"text-align: var(--text-align);\">\u2026 eine anregende Entwicklungsumgebung.<\/span><\/p><p><span style=\"text-align: var(--text-align);\">\u2026 Orientierung.<\/span><\/p>\t\t\t\t\t\t\t\t<\/div>\n\t\t\t\t<\/div>\n\t\t\t\t<\/div>\n\t\t<div class=\"elementor-element elementor-element-4a012a8 e-flex e-con-boxed e-con e-parent\" data-id=\"4a012a8\" data-element_type=\"container\">\n\t\t\t\t\t<div class=\"e-con-inner\">\n\t\t\t\t<div class=\"elementor-element elementor-element-8e3e72b elementor-invisible elementor-widget elementor-widget-heading\" data-id=\"8e3e72b\" data-element_type=\"widget\" data-settings=\"{&quot;_animation&quot;:&quot;fadeIn&quot;}\" data-widget_type=\"heading.default\">\n\t\t\t\t<div class=\"elementor-widget-container\">\n\t\t\t\t\t<h2 class=\"elementor-heading-title elementor-size-default\"><p style=\"font-family: Oxygen, sans-serif;font-size: 16px;text-align: center;white-space: normal\"><br><\/p>Zusammenleben der Kinder im G\u00f6tti-Modell<\/h2>\t\t\t\t<\/div>\n\t\t\t\t<\/div>\n\t\t\t\t\t<\/div>\n\t\t\t\t<\/div>\n\t\t<div class=\"elementor-element elementor-element-88237f4 e-flex e-con-boxed e-con e-parent\" data-id=\"88237f4\" data-element_type=\"container\">\n\t\t\t\t\t<div class=\"e-con-inner\">\n\t\t\t\t<div class=\"elementor-element elementor-element-223131b elementor-invisible elementor-widget elementor-widget-text-editor\" data-id=\"223131b\" data-element_type=\"widget\" data-settings=\"{&quot;_animation&quot;:&quot;fadeIn&quot;}\" data-widget_type=\"text-editor.default\">\n\t\t\t\t<div class=\"elementor-widget-container\">\n\t\t\t\t\t\t\t\t\t<p>Im Alltag bilden die verschiedenen Gruppen ein zusammenh\u00e4ngendes G\u00f6tti-System. Das bedeutet, dass die regelm\u00e4ssigen gemeinsamen Aktivit\u00e4ten innerhalb eines dieser Systeme stattfinden. Ausserhalb der G\u00f6tti-Aktivit\u00e4ten hat jede Gruppe ihre eigenen R\u00e4ume f\u00fcr R\u00fcckzug und individuelle, dem Alter angepasste Aktivit\u00e4ten zur Verf\u00fcgung.<br><\/p>\n<p><\/p>\n<p>Bei diesem Modell werden folgende Schwerpunkte beachtet:<\/p>\n<p><\/p>\n<p>Gemeinsame Momente\u2026<\/p>\n<p><\/p>\n<p>finden regelm\u00e4ssig, strukturiert und zeitlich begrenzt statt<\/p>\n<p>haben p\u00e4dagogische Ziele und sind sinnvoll geplant und organisiert<\/p>\n<p>geben den Kindern Raum sich mit \u00e4lteren \/ j\u00fcngeren Kindern auszutauschen und voneinander zu lernen<\/p>\n<p>erm\u00f6glichen Freundschaften und Kontakte aufzubauen und zu pflegen<\/p>\n<p>schaffen f\u00fcr die Kindern eine Basis um den Kontakt und das Vertrauen zu anderen Betreuerinnen aufzubauen und zu pflegen<\/p>\n<p>stellen ein positives \u00abErlebnis\u00bb dar und bereiten allen Beteiligten Spass und Freude.<\/p>\n<p>Das Hauptanliegen dieses Betreuungsmodells ist, einem Kind bereits im fr\u00fchen Alter phasenweise und gezielt den Austausch und das Zusammensein von unterschiedlichem Alter zu erm\u00f6glichen. Da Kleinstkinder jedoch nach wie vor ein erh\u00f6htes Bed\u00fcrfnis nach Geborgenheit, \u00dcberschaubarkeit und Ruhe im Sinne einer Vermeidung von Reiz\u00fcberflutung haben, steht die gesunde Balance zwischen gemeinsamen Aktivit\u00e4ten mit \u00e4lteren Kindern und R\u00fcckzug in eine ruhigere Umgebung im Vordergrund.<\/p>\n<p><\/p>\n<p>Die gezielten gemeinsamen Besuche und Aktivit\u00e4ten bereichern die Entwicklung des Sozialverhaltens, weil alle Kinder verschiedene Rollen durchwandern. Die j\u00fcngeren Kinder haben in den \u00c4lteren Vorbilder und die \u00c4lteren lernen R\u00fccksicht zu nehmen. Bei diesen Gelegenheiten lernen sie ebenfalls die Erzieherinnen der anderen Gruppen kennen, was zu einem sp\u00e4teren Zeitpunkt hilft, den Gruppen\u00fcbertritt zu erleichtern.<\/p>\n<div>&nbsp;<\/div>\t\t\t\t\t\t\t\t<\/div>\n\t\t\t\t<\/div>\n\t\t\t\t\t<\/div>\n\t\t\t\t<\/div>\n\t\t<div class=\"elementor-element elementor-element-50a9a6e e-flex e-con-boxed e-con e-parent\" data-id=\"50a9a6e\" data-element_type=\"container\">\n\t\t\t\t\t<div class=\"e-con-inner\">\n\t\t\t\t<div class=\"elementor-element elementor-element-d9cc072 elementor-invisible elementor-widget elementor-widget-heading\" data-id=\"d9cc072\" data-element_type=\"widget\" data-settings=\"{&quot;_animation&quot;:&quot;fadeIn&quot;}\" data-widget_type=\"heading.default\">\n\t\t\t\t<div class=\"elementor-widget-container\">\n\t\t\t\t\t<h2 class=\"elementor-heading-title elementor-size-default\">Zusammenarbeit mit den Eltern<\/h2>\t\t\t\t<\/div>\n\t\t\t\t<\/div>\n\t\t\t\t\t<\/div>\n\t\t\t\t<\/div>\n\t\t<div class=\"elementor-element elementor-element-3a3ae69 e-flex e-con-boxed e-con e-parent\" data-id=\"3a3ae69\" data-element_type=\"container\">\n\t\t\t\t\t<div class=\"e-con-inner\">\n\t\t\t\t<div class=\"elementor-element elementor-element-1d7443f elementor-invisible elementor-widget elementor-widget-text-editor\" data-id=\"1d7443f\" data-element_type=\"widget\" data-settings=\"{&quot;_animation&quot;:&quot;fadeIn&quot;}\" data-widget_type=\"text-editor.default\">\n\t\t\t\t<div class=\"elementor-widget-container\">\n\t\t\t\t\t\t\t\t\t<p>Gegenseitiges Vertrauen ist uns sehr wichtig. Wir treten den Eltern ehrlich, offen und respektvoll gegen\u00fcber und erwarten dasselbe.<br><\/p>\n<p>Ein konstruktiver ehrlicher Informationsaustausch wird gepflegt. Einmal im Jahr findet ein Elterngespr\u00e4ch (Standortbestimmung des Kindes) statt.<\/p>\n<p>Die Eltern bekommen beim Abholen eine ehrliche und ausf\u00fchrliche R\u00fcckmeldung ihres Kindes.<\/p>\n<p>Die Eltern sind in der Kinderkrippe jederzeit willkommen und ihren Anliegen wird entsprechend Rechnung getragen. Bei Aktivit\u00e4ten und Veranstaltungen der Kinderkrippe werden die Eltern miteinbezogen.<\/p>\t\t\t\t\t\t\t\t<\/div>\n\t\t\t\t<\/div>\n\t\t\t\t\t<\/div>\n\t\t\t\t<\/div>\n\t\t<div class=\"elementor-element elementor-element-2bf4f5b e-flex e-con-boxed e-con e-parent\" data-id=\"2bf4f5b\" data-element_type=\"container\">\n\t\t\t\t\t<div class=\"e-con-inner\">\n\t\t\t\t<div class=\"elementor-element elementor-element-d319f67 elementor-invisible elementor-widget elementor-widget-heading\" data-id=\"d319f67\" data-element_type=\"widget\" data-settings=\"{&quot;_animation&quot;:&quot;fadeIn&quot;}\" data-widget_type=\"heading.default\">\n\t\t\t\t<div class=\"elementor-widget-container\">\n\t\t\t\t\t<h2 class=\"elementor-heading-title elementor-size-default\">Das Team<\/h2>\t\t\t\t<\/div>\n\t\t\t\t<\/div>\n\t\t\t\t\t<\/div>\n\t\t\t\t<\/div>\n\t\t<div class=\"elementor-element elementor-element-c19680b e-flex e-con-boxed e-con e-parent\" data-id=\"c19680b\" data-element_type=\"container\">\n\t\t\t\t\t<div class=\"e-con-inner\">\n\t\t\t\t<div class=\"elementor-element elementor-element-fa7f835 elementor-invisible elementor-widget elementor-widget-text-editor\" data-id=\"fa7f835\" data-element_type=\"widget\" data-settings=\"{&quot;_animation&quot;:&quot;fadeIn&quot;}\" data-widget_type=\"text-editor.default\">\n\t\t\t\t<div class=\"elementor-widget-container\">\n\t\t\t\t\t\t\t\t\t<p>Wir gehen offen und ehrlich miteinander um und respektieren uns gegenseitig.<br><\/p>\n<p>Es herrscht ein entspanntes, freudiges und ausgeglichenes Klima.<\/p>\n<p>Jeder \u00fcbernimmt Eigenverantwortung und wir unterst\u00fctzen uns gegenseitig.<\/p>\n<p>Wir nehmen unsere Vorbildfunktion gegen\u00fcber den Kindern wahr in dem wir es Vorleben.<\/p>\n<p>Wir pflegen gegenseitige Wertsch\u00e4tzung und Akzeptanz.<\/p>\n<p>Es ist ein Miteinander und nicht ein gegeneinander = Teamarbeit<\/p>\n<p>Wir sprechen gegenseitig ehrlichgemeintes Lob aus und k\u00f6nnen Kritik annehmen und dies angemessen anbringen.<\/p>\n<p>Wir haben regelm\u00e4ssige Teamsitzungen, in denen wichtige Punkte f\u00fcr die Arbeit mit Kindern und der Teamarbeit besprochen werden. Somit k\u00f6nnen sich die Mitarbeitenden stetig selbstreflektieren und ihre Fach- Methoden- und Selbstkompetenzen weiter entwickeln.<\/p>\n<p>Wir haben klare Stellenbeschriebe, welche die Kompetenzen und Zust\u00e4ndigkeiten regeln.<\/p>\t\t\t\t\t\t\t\t<\/div>\n\t\t\t\t<\/div>\n\t\t\t\t\t<\/div>\n\t\t\t\t<\/div>\n\t\t\t\t<\/div>\n\t\t","protected":false},"excerpt":{"rendered":"<p>Unsere Philosophie \u00a0Es geht bei Erziehung und Bildung nicht darum, das Ged\u00e4chtnis wie ein Fass zu f\u00fcllen, sondern darum, Lichter anzuz\u00fcnden, die alleine weiterbrennen k\u00f6nnen. (Gerhardt Trommer) 8 Botschaften was ein Kind braucht: Das Kind will stark werden und braucht\u2026 [&hellip;]<\/p>\n","protected":false},"author":1,"featured_media":610,"parent":0,"menu_order":0,"comment_status":"closed","ping_status":"closed","template":"","meta":{"footnotes":""},"class_list":["post-569","page","type-page","status-publish","has-post-thumbnail","hentry"],"_links":{"self":[{"href":"https:\/\/www.kinderkrippezaubergarten.ch\/index.php?rest_route=\/wp\/v2\/pages\/569","targetHints":{"allow":["GET"]}}],"collection":[{"href":"https:\/\/www.kinderkrippezaubergarten.ch\/index.php?rest_route=\/wp\/v2\/pages"}],"about":[{"href":"https:\/\/www.kinderkrippezaubergarten.ch\/index.php?rest_route=\/wp\/v2\/types\/page"}],"author":[{"embeddable":true,"href":"https:\/\/www.kinderkrippezaubergarten.ch\/index.php?rest_route=\/wp\/v2\/users\/1"}],"replies":[{"embeddable":true,"href":"https:\/\/www.kinderkrippezaubergarten.ch\/index.php?rest_route=%2Fwp%2Fv2%2Fcomments&post=569"}],"version-history":[{"count":19,"href":"https:\/\/www.kinderkrippezaubergarten.ch\/index.php?rest_route=\/wp\/v2\/pages\/569\/revisions"}],"predecessor-version":[{"id":747,"href":"https:\/\/www.kinderkrippezaubergarten.ch\/index.php?rest_route=\/wp\/v2\/pages\/569\/revisions\/747"}],"wp:featuredmedia":[{"embeddable":true,"href":"https:\/\/www.kinderkrippezaubergarten.ch\/index.php?rest_route=\/wp\/v2\/media\/610"}],"wp:attachment":[{"href":"https:\/\/www.kinderkrippezaubergarten.ch\/index.php?rest_route=%2Fwp%2Fv2%2Fmedia&parent=569"}],"curies":[{"name":"wp","href":"https:\/\/api.w.org\/{rel}","templated":true}]}}