{"id":571,"date":"2023-11-17T21:52:46","date_gmt":"2023-11-17T21:52:46","guid":{"rendered":"https:\/\/www.kinderkrippezaubergarten.ch\/?page_id=571"},"modified":"2025-11-13T13:59:24","modified_gmt":"2025-11-13T13:59:24","slug":"tarife-zahlungsmodalitaeten","status":"publish","type":"page","link":"https:\/\/www.kinderkrippezaubergarten.ch\/?page_id=571","title":{"rendered":"Tarife &#038; Zahlungsmodalit\u00e4ten"},"content":{"rendered":"\t\t<div data-elementor-type=\"wp-page\" data-elementor-id=\"571\" class=\"elementor elementor-571\" data-elementor-post-type=\"page\">\n\t\t\t\t<div class=\"elementor-element elementor-element-0a40e55 e-flex e-con-boxed elementor-invisible e-con e-parent\" data-id=\"0a40e55\" data-element_type=\"container\" data-settings=\"{&quot;animation&quot;:&quot;fadeIn&quot;}\">\n\t\t\t\t\t<div class=\"e-con-inner\">\n\t\t\t\t<div class=\"elementor-element elementor-element-3482de1 elementor-widget elementor-widget-text-editor\" data-id=\"3482de1\" data-element_type=\"widget\" data-widget_type=\"text-editor.default\">\n\t\t\t\t<div class=\"elementor-widget-container\">\n\t\t\t\t\t\t\t\t\t<p>Betreuungskosten<\/p><p><span style=\"text-align: var(--text-align);\">G\u00fcltig ab 01.12.2025<\/span><\/p><p><span style=\"text-align: var(--text-align);\">Betreuungskosten f\u00fcr Kinder von 3 bis 18 Monate\u00a0 \u00a0 \u00a0 \u00a0 \u00a0 \u00a0 \u00a0 \u00a0 PRO TAG\u00a0 \u00a0 \u00a0 \u00a0 \u00a0PRO MONAT<\/span><\/p><p>\u00a0<\/p><p>1 Tag pro Woche\u00a0 \u00a0 \u00a0 \u00a0 \u00a0 \u00a0 \u00a0 \u00a0 \u00a0 \u00a0 \u00a0 \u00a0 \u00a0 \u00a0 \u00a0 \u00a0 \u00a0 \u00a0 \u00a0 \u00a0 \u00a0 \u00a0 \u00a0 \u00a0 \u00a0 \u00a0 \u00a0 \u00a0 \u00a0 \u00a0 \u00a0 \u00a0 \u00a0 \u00a0 \u00a0 \u00a0 \u00a0 \u00a0 Fr. 125.-\u00a0 \u00a0 \u00a0 \u00a0 \u00a0 \u00a0 Fr. 525.-<\/p><p><span style=\"text-align: var(--text-align);\">2 Tage pro Woche\u00a0 \u00a0 \u00a0 \u00a0 \u00a0 \u00a0 \u00a0 \u00a0 \u00a0 \u00a0 \u00a0 \u00a0 \u00a0 \u00a0 \u00a0 \u00a0 \u00a0 \u00a0 \u00a0 \u00a0 \u00a0 \u00a0 \u00a0 \u00a0 \u00a0 \u00a0 \u00a0 \u00a0 \u00a0 \u00a0 \u00a0 \u00a0 \u00a0 \u00a0 \u00a0 \u00a0 \u00a0Fr. 125.-\u00a0 \u00a0 \u00a0 \u00a0 \u00a0 \u00a0 Fr. 1050.-<\/span><\/p><p><span style=\"text-align: var(--text-align);\">3 Tage pro Woche\u00a0 \u00a0 \u00a0 \u00a0 \u00a0 \u00a0 \u00a0 \u00a0 \u00a0 \u00a0 \u00a0 \u00a0 \u00a0 \u00a0 \u00a0 \u00a0 \u00a0 \u00a0 \u00a0 \u00a0 \u00a0 \u00a0 \u00a0 \u00a0 \u00a0 \u00a0 \u00a0 \u00a0 \u00a0 \u00a0 \u00a0 \u00a0 \u00a0 \u00a0 \u00a0 \u00a0 \u00a0Fr. 125.-\u00a0 \u00a0 \u00a0 \u00a0 \u00a0 \u00a0 Fr. 1 575.-<\/span><\/p><p><span style=\"text-align: var(--text-align);\">4 Tage pro Woche\u00a0 \u00a0 \u00a0 \u00a0 \u00a0 \u00a0 \u00a0 \u00a0 \u00a0 \u00a0 \u00a0 \u00a0 \u00a0 \u00a0 \u00a0 \u00a0 \u00a0 \u00a0 \u00a0 \u00a0 \u00a0 \u00a0 \u00a0 \u00a0 \u00a0 \u00a0 \u00a0 \u00a0 \u00a0 \u00a0 \u00a0 \u00a0 \u00a0 \u00a0 \u00a0 \u00a0 \u00a0Fr. 125.-\u00a0 \u00a0 \u00a0 \u00a0 \u00a0 \u00a0 Fr. 2100.-<\/span><\/p><p><span style=\"text-align: var(--text-align);\">5 Tage pro Woche\u00a0 \u00a0 \u00a0 \u00a0 \u00a0 \u00a0 \u00a0 \u00a0 \u00a0 \u00a0 \u00a0 \u00a0 \u00a0 \u00a0 \u00a0 \u00a0 \u00a0 \u00a0 \u00a0 \u00a0 \u00a0 \u00a0 \u00a0 \u00a0 \u00a0 \u00a0 \u00a0 \u00a0 \u00a0 \u00a0 \u00a0 \u00a0 \u00a0 \u00a0 \u00a0 \u00a0 \u00a0Fr. 125.-\u00a0 \u00a0 \u00a0 \u00a0 \u00a0 \u00a0 Fr. 2 625.-<\/span><\/p><p><span style=\"text-align: var(--text-align);\">Halber Tag pro Woche\u00a0 \u00a0 \u00a0 \u00a0 \u00a0 \u00a0 \u00a0 \u00a0 \u00a0 \u00a0 \u00a0 \u00a0 \u00a0 \u00a0 \u00a0 \u00a0 \u00a0 \u00a0 \u00a0 \u00a0 \u00a0 \u00a0 \u00a0 \u00a0 \u00a0 \u00a0 \u00a0 \u00a0 \u00a0 \u00a0 \u00a0 \u00a0 \u00a0 Fr.\u00a0 \u00a090.-<\/span><\/p><p>\u00a0<\/p><p><span style=\"text-align: var(--text-align);\">Betreuungskosten f\u00fcr Kinder ab 19 Monate\u00a0 \u00a0 \u00a0 \u00a0 \u00a0 \u00a0 \u00a0 \u00a0 \u00a0 \u00a0 \u00a0 \u00a0 \u00a0 \u00a0 \u00a0 PRO TAG\u00a0 \u00a0 \u00a0 \u00a0PRO MONAT<\/span><\/p><p><span style=\"text-align: var(--text-align);\">1 Tag pro Woche\u00a0 \u00a0 \u00a0 \u00a0 \u00a0 \u00a0 \u00a0 \u00a0 \u00a0 \u00a0 \u00a0 \u00a0 \u00a0 \u00a0 \u00a0 \u00a0 \u00a0 \u00a0 \u00a0 \u00a0 \u00a0 \u00a0 \u00a0 \u00a0 \u00a0 \u00a0 \u00a0 \u00a0 \u00a0 \u00a0 \u00a0 \u00a0 \u00a0 \u00a0 \u00a0 \u00a0 \u00a0 \u00a0 \u00a0Fr.\u00a0 115.-\u00a0 \u00a0 \u00a0 \u00a0 \u00a0 \u00a0Fr. 483.-<\/span><\/p><p><span style=\"text-align: var(--text-align);\">2 Tage pro Woche\u00a0 \u00a0 \u00a0 \u00a0 \u00a0 \u00a0 \u00a0 \u00a0 \u00a0 \u00a0 \u00a0 \u00a0 \u00a0 \u00a0 \u00a0 \u00a0 \u00a0 \u00a0 \u00a0 \u00a0 \u00a0 \u00a0 \u00a0 \u00a0 \u00a0 \u00a0 \u00a0 \u00a0 \u00a0 \u00a0 \u00a0 \u00a0 \u00a0 \u00a0 \u00a0 \u00a0 \u00a0 Fr.\u00a0 115.-\u00a0 \u00a0 \u00a0 \u00a0 \u00a0 \u00a0Fr. 966.-<\/span><\/p><p><span style=\"text-align: var(--text-align);\">3 Tage pro Woche\u00a0 \u00a0 \u00a0 \u00a0 \u00a0 \u00a0 \u00a0 \u00a0 \u00a0 \u00a0 \u00a0 \u00a0 \u00a0 \u00a0 \u00a0 \u00a0 \u00a0 \u00a0 \u00a0 \u00a0 \u00a0 \u00a0 \u00a0 \u00a0 \u00a0 \u00a0 \u00a0 \u00a0 \u00a0 \u00a0 \u00a0 \u00a0 \u00a0 \u00a0 \u00a0 \u00a0 \u00a0 Fr.\u00a0 115.-\u00a0 \u00a0 \u00a0 \u00a0 \u00a0 \u00a0Fr. 1 449.-<\/span><\/p><p><span style=\"text-align: var(--text-align);\">4 Tage pro Woche\u00a0 \u00a0 \u00a0 \u00a0 \u00a0 \u00a0 \u00a0 \u00a0 \u00a0 \u00a0 \u00a0 \u00a0 \u00a0 \u00a0 \u00a0 \u00a0 \u00a0 \u00a0 \u00a0 \u00a0 \u00a0 \u00a0 \u00a0 \u00a0 \u00a0 \u00a0 \u00a0 \u00a0 \u00a0 \u00a0 \u00a0 \u00a0 \u00a0 \u00a0 \u00a0 \u00a0 \u00a0 Fr.\u00a0 115.-\u00a0 \u00a0 \u00a0 \u00a0 \u00a0 \u00a0Fr. 1 932.-<\/span><\/p><p><span style=\"text-align: var(--text-align);\">5 Tage pro Woche\u00a0 \u00a0 \u00a0 \u00a0 \u00a0 \u00a0 \u00a0 \u00a0 \u00a0 \u00a0 \u00a0 \u00a0 \u00a0 \u00a0 \u00a0 \u00a0 \u00a0 \u00a0 \u00a0 \u00a0 \u00a0 \u00a0 \u00a0 \u00a0 \u00a0 \u00a0 \u00a0 \u00a0 \u00a0 \u00a0 \u00a0 \u00a0 \u00a0 \u00a0 \u00a0 \u00a0 \u00a0 Fr.\u00a0 115.-\u00a0 \u00a0 \u00a0 \u00a0 \u00a0 \u00a0Fr. 2415.-<\/span><\/p><p><span style=\"text-align: var(--text-align);\">Halber Tag pro Woche\u00a0 \u00a0 \u00a0 \u00a0 \u00a0 \u00a0 \u00a0 \u00a0 \u00a0 \u00a0 \u00a0 \u00a0 \u00a0 \u00a0 \u00a0 \u00a0 \u00a0 \u00a0 \u00a0 \u00a0 \u00a0 \u00a0 \u00a0 \u00a0 \u00a0 \u00a0 \u00a0 \u00a0 \u00a0 \u00a0 \u00a0 \u00a0 \u00a0 Fr.\u00a0 75.-<\/span><\/p><p><span style=\"text-align: var(--text-align);\">Kindergarten Tarif\u00a0 \u00a0 \u00a0 \u00a0 \u00a0 \u00a0 \u00a0 \u00a0 \u00a0 \u00a0 \u00a0 \u00a0 \u00a0 \u00a0 \u00a0 \u00a0 \u00a0 \u00a0 \u00a0 \u00a0 \u00a0 \u00a0 \u00a0 \u00a0 \u00a0 \u00a0 \u00a0 \u00a0 \u00a0 \u00a0 \u00a0 \u00a0 \u00a0 \u00a0 \u00a0 \u00a0 \u00a0 Fr.\u00a0 75.-<\/span><\/p><p><span style=\"text-align: var(--text-align);\">\u00a0<\/span><\/p><p><span style=\"text-align: var(--text-align);\">Eltern mit Wohnsitz in Rupperswil k\u00f6nnen zus\u00e4tzlich zu unseren Tarifen, mit Unterst\u00fctzung der Gemeinde\u00a0 rechnen.<\/span><\/p><p><span style=\"text-align: var(--text-align);\">Um mehr dazu zu erfahren, bitte kontaktieren sie die Gemeinde oder die Krippenleiterin.<\/span><\/p><p><span style=\"text-align: var(--text-align);\">Allgemeine Informationen:<\/span><\/p><p><span style=\"text-align: var(--text-align);\">Einen Geschwisterrabatt von 5% erhalten Sie zus\u00e4tzlich auf den Tarif des zweiten Kindes. Jedes weitere Kind erh\u00e4lt ebenfalls 5% Rabatt.<\/span><\/p><p>Wir verrechnen eine Anmeldegeb\u00fchr von Fr. 150.- f\u00fcr unseren administrativen Aufwand und die Eingew\u00f6hnungszeit des Kindes. Diese Geb\u00fchr wird nach der definitiven Anmeldung in Rechnung gestellt.<\/p><p>Mindestbetreuung; ein ganzer Tag pro Woche oder zwei halbe Tage<\/p><p>Faktor zur Kalkulation des Monatstarif = 4.2 \/ Durchschnittliche Betreuungstage pro Monat = 21<\/p><p>S\u00e4mtliche Mahlzeiten wie Fr\u00fchst\u00fcck, Mittagessen und Zvieri sind in den Betreuungskosten eingerechnet. (je nach vereinbartem Betreuungsblock).<\/p><p>Die Betreuungskosten m\u00fcssen jeweils bis zum 28. des Vormonates beglichen sein. Der Betrag ist per Dauerauftrag oder Einzahlungsschein zu \u00fcberweisen.<\/p><p>\u00a0<\/p><p><span style=\"text-align: var(--text-align);\">Monatspauschale, Rechnung und Zahlungstermin<\/span><\/p><p><span style=\"text-align: var(--text-align);\">Die Betreuungskosten werden als Monatspauschale erhoben und wie folgt berechnet:<\/span><\/p><p><span style=\"text-align: var(--text-align);\">Betreuungstarife pro Woche x Anzahl Wochen pro Monat (4.2 Wochendurchschnitt pro Monat) = Monatspauschale.<\/span><\/p><p><span style=\"text-align: var(--text-align);\">Trifft die vereinbarte Monatspauschale nicht rechtzeitig ein, werden die Eltern nach einer Woche schriftlich aufgefordert, den geschuldeten Betrag innert 5 Tagen zu begleichen. Kommen die Eltern ihrer Zahlungsverpflichtung immer noch nicht nach, treten f\u00fcr diesen Betrag die Verzugsfolgen ein.<\/span><\/p><p><span style=\"text-align: var(--text-align);\">Die Kinderkrippe Zaubergarten beh\u00e4lt sich das Recht vor, die Betreuung des Kindes bis zum Eintreffen der Monatspauschale zu verweigern. Bei wiederholt versp\u00e4tet eingehenden Zahlungen wird eine Mahngeb\u00fchr von CHF 50.- pro Monat verrechnet. Bei Wiederholung kann dies zur K\u00fcndigung des Betreuungsvertrages f\u00fchren.<\/span><\/p>\t\t\t\t\t\t\t\t<\/div>\n\t\t\t\t<\/div>\n\t\t\t\t\t<\/div>\n\t\t\t\t<\/div>\n\t\t\t\t<\/div>\n\t\t","protected":false},"excerpt":{"rendered":"<p>Betreuungskosten G\u00fcltig ab 01.12.2025 Betreuungskosten f\u00fcr Kinder von 3 bis 18 Monate\u00a0 \u00a0 \u00a0 \u00a0 \u00a0 \u00a0 \u00a0 \u00a0 PRO TAG\u00a0 \u00a0 \u00a0 \u00a0 \u00a0PRO MONAT \u00a0 1 Tag pro Woche\u00a0 \u00a0 \u00a0 \u00a0 \u00a0 \u00a0 \u00a0 \u00a0 \u00a0 \u00a0 [&hellip;]<\/p>\n","protected":false},"author":1,"featured_media":754,"parent":0,"menu_order":0,"comment_status":"closed","ping_status":"closed","template":"","meta":{"footnotes":""},"class_list":["post-571","page","type-page","status-publish","has-post-thumbnail","hentry"],"_links":{"self":[{"href":"https:\/\/www.kinderkrippezaubergarten.ch\/index.php?rest_route=\/wp\/v2\/pages\/571","targetHints":{"allow":["GET"]}}],"collection":[{"href":"https:\/\/www.kinderkrippezaubergarten.ch\/index.php?rest_route=\/wp\/v2\/pages"}],"about":[{"href":"https:\/\/www.kinderkrippezaubergarten.ch\/index.php?rest_route=\/wp\/v2\/types\/page"}],"author":[{"embeddable":true,"href":"https:\/\/www.kinderkrippezaubergarten.ch\/index.php?rest_route=\/wp\/v2\/users\/1"}],"replies":[{"embeddable":true,"href":"https:\/\/www.kinderkrippezaubergarten.ch\/index.php?rest_route=%2Fwp%2Fv2%2Fcomments&post=571"}],"version-history":[{"count":10,"href":"https:\/\/www.kinderkrippezaubergarten.ch\/index.php?rest_route=\/wp\/v2\/pages\/571\/revisions"}],"predecessor-version":[{"id":1100,"href":"https:\/\/www.kinderkrippezaubergarten.ch\/index.php?rest_route=\/wp\/v2\/pages\/571\/revisions\/1100"}],"wp:featuredmedia":[{"embeddable":true,"href":"https:\/\/www.kinderkrippezaubergarten.ch\/index.php?rest_route=\/wp\/v2\/media\/754"}],"wp:attachment":[{"href":"https:\/\/www.kinderkrippezaubergarten.ch\/index.php?rest_route=%2Fwp%2Fv2%2Fmedia&parent=571"}],"curies":[{"name":"wp","href":"https:\/\/api.w.org\/{rel}","templated":true}]}}